{"id":1814,"date":"2025-06-24T19:03:22","date_gmt":"2025-06-24T17:03:22","guid":{"rendered":"https:\/\/leclosdelabergerie33.com\/?page_id=1814"},"modified":"2025-06-25T17:53:59","modified_gmt":"2025-06-25T15:53:59","slug":"lauberge-girondine","status":"publish","type":"page","link":"https:\/\/leclosdelabergerie33.com\/index.php\/lauberge-girondine\/","title":{"rendered":"L&rsquo;Auberge Girondine"},"content":{"rendered":"\n<h1 class=\"wp-block-heading has-text-align-center\">L&rsquo;Auberge Girondine<\/h1>\n\n\n\n<div style=\"height:50px\" aria-hidden=\"true\" class=\"wp-block-spacer\"><\/div>\n\n\n\n<h2 class=\"wp-block-heading has-text-align-center\"><em>Un lieu de charme au c\u0153ur du Domaine de la Bergerie<\/em><\/h2>\n\n\n\n<div style=\"height:50px\" aria-hidden=\"true\" class=\"wp-block-spacer\"><\/div>\n\n\n\n<p class=\"has-text-align-center\">Envie de calme, d\u2019authenticit\u00e9 et de nature ? L\u2019Auberge Girondine vous accueille dans une <strong>ancienne long\u00e8re r\u00e9nov\u00e9e<\/strong>, \u00e0 la fois chaleureuse, fonctionnelle et baign\u00e9e de lumi\u00e8re.<\/p>\n\n\n\n<p class=\"has-text-align-center\">Id\u00e9ale pour les familles, les couples d\u2019amis ou les petits groupes, cette partie du Domaine est d\u00e9sormais disponible en <strong>location dans sa totalit\u00e9<\/strong> \u2014 pour <strong>un s\u00e9jour en toute autonomie<\/strong>, en pleine Campagne Girondine.<\/p>\n\n\n\n<div style=\"height:50px\" aria-hidden=\"true\" class=\"wp-block-spacer\"><\/div>\n\n\n<div class=\"wp-block-image\">\n<figure class=\"aligncenter size-large is-resized\"><img loading=\"lazy\" decoding=\"async\" width=\"1024\" height=\"481\" src=\"http:\/\/leclosdelabergerie33.com\/wp-content\/uploads\/2024\/07\/1000008178-scaled-e1750786694265-1024x481.jpg\" alt=\"\" class=\"wp-image-1365\" style=\"width:797px;height:auto\" srcset=\"https:\/\/leclosdelabergerie33.com\/wp-content\/uploads\/2024\/07\/1000008178-scaled-e1750786694265-1024x481.jpg 1024w, https:\/\/leclosdelabergerie33.com\/wp-content\/uploads\/2024\/07\/1000008178-scaled-e1750786694265-300x141.jpg 300w, https:\/\/leclosdelabergerie33.com\/wp-content\/uploads\/2024\/07\/1000008178-scaled-e1750786694265-768x361.jpg 768w, https:\/\/leclosdelabergerie33.com\/wp-content\/uploads\/2024\/07\/1000008178-scaled-e1750786694265-1536x722.jpg 1536w, https:\/\/leclosdelabergerie33.com\/wp-content\/uploads\/2024\/07\/1000008178-scaled-e1750786694265-2048x962.jpg 2048w\" sizes=\"auto, (max-width: 1024px) 100vw, 1024px\" \/><\/figure><\/div>\n\n\n<div style=\"height:50px\" aria-hidden=\"true\" class=\"wp-block-spacer\"><\/div>\n\n\n\n<h3 class=\"wp-block-heading has-text-align-center has-medium-font-size\">Composition de l\u2019Auberge<\/h3>\n\n\n\n<div style=\"height:25px\" aria-hidden=\"true\" class=\"wp-block-spacer\"><\/div>\n\n\n\n<p class=\"has-text-align-center\">\u25aa\ufe0e&nbsp;<strong>2 chambres confortables<\/strong>&nbsp;avec literie double<br>\u25aa\ufe0e&nbsp;<strong>Cuisine enti\u00e8rement \u00e9quip\u00e9e<\/strong>&nbsp;: four, plaque de cuisson, frigo, cafeti\u00e8re, vaisselle\u2026<br>\u25aa\ufe0e&nbsp;<strong>Grand s\u00e9jour convivial<\/strong>&nbsp;avec table \u00e0 manger, coin salon<br>\u25aa\ufe0e&nbsp;<strong>Salle d\u2019eau<\/strong>&nbsp;avec&nbsp;<strong>double douche \u00e0 l\u2019italienne<\/strong><br>\u25aa\ufe0e&nbsp;<strong>Sanitaires ind\u00e9pendants<\/strong><br>\u25aa\ufe0e&nbsp;<strong>Terrasse privative<\/strong><br>\u25aa\ufe0e&nbsp;<strong>Acc\u00e8s en option \u00e0 la piscine du domaine<\/strong>&nbsp;<em>(partag\u00e9e avec les autres h\u00e9bergements)<\/em><\/p>\n\n\n\n<div style=\"height:50px\" aria-hidden=\"true\" class=\"wp-block-spacer\"><\/div>\n\n\n\n<h3 class=\"wp-block-heading has-text-align-center has-medium-font-size\">Un s\u00e9jour nature &amp; confort<\/h3>\n\n\n\n<div style=\"height:25px\" aria-hidden=\"true\" class=\"wp-block-spacer\"><\/div>\n\n\n\n<p class=\"has-text-align-center\">Le charme de la pierre, le calme des prairies alentours, les animaux du domaine (chevaux, alpagas, oies\u2026) et l\u2019acc\u00e8s direct aux ext\u00e9rieurs font de l\u2019Auberge un lieu ressour\u00e7ant, propice \u00e0 la d\u00e9tente comme aux retrouvailles.<\/p>\n\n\n\n<div style=\"height:50px\" aria-hidden=\"true\" class=\"wp-block-spacer\"><\/div>\n\n\n\n<div class=\"wp-block-columns are-vertically-aligned-center is-layout-flex wp-container-core-columns-is-layout-9d6595d7 wp-block-columns-is-layout-flex\">\n<div class=\"wp-block-column is-vertically-aligned-center is-layout-flow wp-block-column-is-layout-flow\">\n<figure class=\"wp-block-image size-full\"><img loading=\"lazy\" decoding=\"async\" width=\"1441\" height=\"1080\" src=\"http:\/\/leclosdelabergerie33.com\/wp-content\/uploads\/2024\/05\/Screenshot_20220209-210654_YouTube-edited-2.jpg\" alt=\"\" class=\"wp-image-1196\" srcset=\"https:\/\/leclosdelabergerie33.com\/wp-content\/uploads\/2024\/05\/Screenshot_20220209-210654_YouTube-edited-2.jpg 1441w, https:\/\/leclosdelabergerie33.com\/wp-content\/uploads\/2024\/05\/Screenshot_20220209-210654_YouTube-edited-2-300x225.jpg 300w, https:\/\/leclosdelabergerie33.com\/wp-content\/uploads\/2024\/05\/Screenshot_20220209-210654_YouTube-edited-2-1024x767.jpg 1024w, https:\/\/leclosdelabergerie33.com\/wp-content\/uploads\/2024\/05\/Screenshot_20220209-210654_YouTube-edited-2-768x576.jpg 768w\" sizes=\"auto, (max-width: 1441px) 100vw, 1441px\" \/><\/figure>\n<\/div>\n\n\n\n<div class=\"wp-block-column is-vertically-aligned-center is-layout-flow wp-block-column-is-layout-flow\">\n<figure class=\"wp-block-image size-large\"><img loading=\"lazy\" decoding=\"async\" width=\"1024\" height=\"768\" src=\"http:\/\/leclosdelabergerie33.com\/wp-content\/uploads\/2024\/05\/20210212_102718-1024x768.jpg\" alt=\"\" class=\"wp-image-1150\" srcset=\"https:\/\/leclosdelabergerie33.com\/wp-content\/uploads\/2024\/05\/20210212_102718-1024x768.jpg 1024w, https:\/\/leclosdelabergerie33.com\/wp-content\/uploads\/2024\/05\/20210212_102718-300x225.jpg 300w, https:\/\/leclosdelabergerie33.com\/wp-content\/uploads\/2024\/05\/20210212_102718-768x576.jpg 768w, https:\/\/leclosdelabergerie33.com\/wp-content\/uploads\/2024\/05\/20210212_102718-1536x1152.jpg 1536w, https:\/\/leclosdelabergerie33.com\/wp-content\/uploads\/2024\/05\/20210212_102718-2048x1536.jpg 2048w\" sizes=\"auto, (max-width: 1024px) 100vw, 1024px\" \/><\/figure>\n<\/div>\n\n\n\n<div class=\"wp-block-column is-vertically-aligned-center is-layout-flow wp-block-column-is-layout-flow\">\n<figure class=\"wp-block-image size-large\"><img loading=\"lazy\" decoding=\"async\" width=\"1024\" height=\"768\" src=\"http:\/\/leclosdelabergerie33.com\/wp-content\/uploads\/2024\/08\/Salle-de-reception-34-1024x768.jpg\" alt=\"Salle de r\u00e9ception 34\" class=\"wp-image-1693\" srcset=\"https:\/\/leclosdelabergerie33.com\/wp-content\/uploads\/2024\/08\/Salle-de-reception-34-1024x768.jpg 1024w, https:\/\/leclosdelabergerie33.com\/wp-content\/uploads\/2024\/08\/Salle-de-reception-34-300x225.jpg 300w, https:\/\/leclosdelabergerie33.com\/wp-content\/uploads\/2024\/08\/Salle-de-reception-34-768x576.jpg 768w, https:\/\/leclosdelabergerie33.com\/wp-content\/uploads\/2024\/08\/Salle-de-reception-34-1536x1152.jpg 1536w, https:\/\/leclosdelabergerie33.com\/wp-content\/uploads\/2024\/08\/Salle-de-reception-34-2048x1536.jpg 2048w\" sizes=\"auto, (max-width: 1024px) 100vw, 1024px\" \/><\/figure>\n<\/div>\n<\/div>\n\n\n\n<div class=\"wp-block-columns are-vertically-aligned-center is-layout-flex wp-container-core-columns-is-layout-9d6595d7 wp-block-columns-is-layout-flex\">\n<div class=\"wp-block-column is-vertically-aligned-center is-layout-flow wp-block-column-is-layout-flow\">\n<figure class=\"wp-block-image size-full\"><img loading=\"lazy\" decoding=\"async\" width=\"2560\" height=\"1920\" src=\"http:\/\/leclosdelabergerie33.com\/wp-content\/uploads\/2024\/04\/20240417_182424-scaled.jpg\" alt=\"\" class=\"wp-image-755\" srcset=\"https:\/\/leclosdelabergerie33.com\/wp-content\/uploads\/2024\/04\/20240417_182424-scaled.jpg 2560w, https:\/\/leclosdelabergerie33.com\/wp-content\/uploads\/2024\/04\/20240417_182424-300x225.jpg 300w, https:\/\/leclosdelabergerie33.com\/wp-content\/uploads\/2024\/04\/20240417_182424-1024x768.jpg 1024w, https:\/\/leclosdelabergerie33.com\/wp-content\/uploads\/2024\/04\/20240417_182424-768x576.jpg 768w, https:\/\/leclosdelabergerie33.com\/wp-content\/uploads\/2024\/04\/20240417_182424-1536x1152.jpg 1536w, https:\/\/leclosdelabergerie33.com\/wp-content\/uploads\/2024\/04\/20240417_182424-2048x1536.jpg 2048w\" sizes=\"auto, (max-width: 2560px) 100vw, 2560px\" \/><\/figure>\n<\/div>\n\n\n\n<div class=\"wp-block-column is-vertically-aligned-center is-layout-flow wp-block-column-is-layout-flow\">\n<figure class=\"wp-block-image size-large\"><img loading=\"lazy\" decoding=\"async\" width=\"1024\" height=\"768\" src=\"http:\/\/leclosdelabergerie33.com\/wp-content\/uploads\/2024\/05\/20240505_154827-1024x768.jpg\" alt=\"\" class=\"wp-image-1231\" srcset=\"https:\/\/leclosdelabergerie33.com\/wp-content\/uploads\/2024\/05\/20240505_154827-1024x768.jpg 1024w, https:\/\/leclosdelabergerie33.com\/wp-content\/uploads\/2024\/05\/20240505_154827-300x225.jpg 300w, https:\/\/leclosdelabergerie33.com\/wp-content\/uploads\/2024\/05\/20240505_154827-768x576.jpg 768w, https:\/\/leclosdelabergerie33.com\/wp-content\/uploads\/2024\/05\/20240505_154827-1536x1152.jpg 1536w, https:\/\/leclosdelabergerie33.com\/wp-content\/uploads\/2024\/05\/20240505_154827-2048x1536.jpg 2048w\" sizes=\"auto, (max-width: 1024px) 100vw, 1024px\" \/><\/figure>\n<\/div>\n\n\n\n<div class=\"wp-block-column is-vertically-aligned-center is-layout-flow wp-block-column-is-layout-flow\">\n<figure class=\"wp-block-image size-large\"><img loading=\"lazy\" decoding=\"async\" width=\"1024\" height=\"768\" src=\"http:\/\/leclosdelabergerie33.com\/wp-content\/uploads\/2024\/05\/20240505_154916-1024x768.jpg\" alt=\"\" class=\"wp-image-1292\" srcset=\"https:\/\/leclosdelabergerie33.com\/wp-content\/uploads\/2024\/05\/20240505_154916-1024x768.jpg 1024w, https:\/\/leclosdelabergerie33.com\/wp-content\/uploads\/2024\/05\/20240505_154916-300x225.jpg 300w, https:\/\/leclosdelabergerie33.com\/wp-content\/uploads\/2024\/05\/20240505_154916-768x576.jpg 768w, https:\/\/leclosdelabergerie33.com\/wp-content\/uploads\/2024\/05\/20240505_154916-1536x1152.jpg 1536w, https:\/\/leclosdelabergerie33.com\/wp-content\/uploads\/2024\/05\/20240505_154916-2048x1536.jpg 2048w\" sizes=\"auto, (max-width: 1024px) 100vw, 1024px\" \/><\/figure>\n<\/div>\n<\/div>\n\n\n\n<div class=\"wp-block-columns are-vertically-aligned-center is-layout-flex wp-container-core-columns-is-layout-9d6595d7 wp-block-columns-is-layout-flex\">\n<div class=\"wp-block-column is-vertically-aligned-center is-layout-flow wp-block-column-is-layout-flow\">\n<figure class=\"wp-block-image size-full\"><img loading=\"lazy\" decoding=\"async\" width=\"2560\" height=\"1920\" src=\"http:\/\/leclosdelabergerie33.com\/wp-content\/uploads\/2024\/05\/20240505_175045-scaled.jpg\" alt=\"\" class=\"wp-image-1278\" srcset=\"https:\/\/leclosdelabergerie33.com\/wp-content\/uploads\/2024\/05\/20240505_175045-scaled.jpg 2560w, https:\/\/leclosdelabergerie33.com\/wp-content\/uploads\/2024\/05\/20240505_175045-300x225.jpg 300w, https:\/\/leclosdelabergerie33.com\/wp-content\/uploads\/2024\/05\/20240505_175045-1024x768.jpg 1024w, https:\/\/leclosdelabergerie33.com\/wp-content\/uploads\/2024\/05\/20240505_175045-768x576.jpg 768w, https:\/\/leclosdelabergerie33.com\/wp-content\/uploads\/2024\/05\/20240505_175045-1536x1152.jpg 1536w, https:\/\/leclosdelabergerie33.com\/wp-content\/uploads\/2024\/05\/20240505_175045-2048x1536.jpg 2048w\" sizes=\"auto, (max-width: 2560px) 100vw, 2560px\" \/><\/figure>\n<\/div>\n\n\n\n<div class=\"wp-block-column is-vertically-aligned-center is-layout-flow wp-block-column-is-layout-flow\">\n<figure class=\"wp-block-image size-large\"><img loading=\"lazy\" decoding=\"async\" width=\"1024\" height=\"768\" src=\"http:\/\/leclosdelabergerie33.com\/wp-content\/uploads\/2024\/05\/20240505_175135-1024x768.jpg\" alt=\"\" class=\"wp-image-1277\" srcset=\"https:\/\/leclosdelabergerie33.com\/wp-content\/uploads\/2024\/05\/20240505_175135-1024x768.jpg 1024w, https:\/\/leclosdelabergerie33.com\/wp-content\/uploads\/2024\/05\/20240505_175135-300x225.jpg 300w, https:\/\/leclosdelabergerie33.com\/wp-content\/uploads\/2024\/05\/20240505_175135-768x576.jpg 768w, https:\/\/leclosdelabergerie33.com\/wp-content\/uploads\/2024\/05\/20240505_175135-1536x1152.jpg 1536w, https:\/\/leclosdelabergerie33.com\/wp-content\/uploads\/2024\/05\/20240505_175135-2048x1536.jpg 2048w\" sizes=\"auto, (max-width: 1024px) 100vw, 1024px\" \/><\/figure>\n<\/div>\n\n\n\n<div class=\"wp-block-column is-vertically-aligned-center is-layout-flow wp-block-column-is-layout-flow\">\n<figure class=\"wp-block-image size-large\"><img loading=\"lazy\" decoding=\"async\" width=\"1024\" height=\"768\" src=\"http:\/\/leclosdelabergerie33.com\/wp-content\/uploads\/2024\/05\/1714856113023-1024x768.jpg\" alt=\"\" class=\"wp-image-1099\" srcset=\"https:\/\/leclosdelabergerie33.com\/wp-content\/uploads\/2024\/05\/1714856113023-1024x768.jpg 1024w, https:\/\/leclosdelabergerie33.com\/wp-content\/uploads\/2024\/05\/1714856113023-300x225.jpg 300w, https:\/\/leclosdelabergerie33.com\/wp-content\/uploads\/2024\/05\/1714856113023-768x576.jpg 768w, https:\/\/leclosdelabergerie33.com\/wp-content\/uploads\/2024\/05\/1714856113023-1536x1152.jpg 1536w, https:\/\/leclosdelabergerie33.com\/wp-content\/uploads\/2024\/05\/1714856113023.jpg 1600w\" sizes=\"auto, (max-width: 1024px) 100vw, 1024px\" \/><\/figure>\n<\/div>\n<\/div>\n","protected":false},"excerpt":{"rendered":"<p>L&rsquo;Auberge Girondine Un lieu de charme au c\u0153ur du Domaine de la Bergerie Envie de calme, d\u2019authenticit\u00e9 et de nature ? L\u2019Auberge Girondine vous accueille dans une ancienne long\u00e8re r\u00e9nov\u00e9e, \u00e0 la fois chaleureuse, fonctionnelle et baign\u00e9e de lumi\u00e8re. Id\u00e9ale pour les familles, les couples d\u2019amis ou les petits groupes, cette partie du Domaine est [&hellip;]<\/p>\n","protected":false},"author":1,"featured_media":0,"parent":0,"menu_order":0,"comment_status":"closed","ping_status":"closed","template":"","meta":{"ocean_post_layout":"","ocean_both_sidebars_style":"","ocean_both_sidebars_content_width":0,"ocean_both_sidebars_sidebars_width":0,"ocean_sidebar":"","ocean_second_sidebar":"","ocean_disable_margins":"enable","ocean_add_body_class":"","ocean_shortcode_before_top_bar":"","ocean_shortcode_after_top_bar":"","ocean_shortcode_before_header":"","ocean_shortcode_after_header":"","ocean_has_shortcode":"","ocean_shortcode_after_title":"","ocean_shortcode_before_footer_widgets":"","ocean_shortcode_after_footer_widgets":"","ocean_shortcode_before_footer_bottom":"","ocean_shortcode_after_footer_bottom":"","ocean_display_top_bar":"default","ocean_display_header":"default","ocean_header_style":"","ocean_center_header_left_menu":"","ocean_custom_header_template":"","ocean_custom_logo":0,"ocean_custom_retina_logo":0,"ocean_custom_logo_max_width":0,"ocean_custom_logo_tablet_max_width":0,"ocean_custom_logo_mobile_max_width":0,"ocean_custom_logo_max_height":0,"ocean_custom_logo_tablet_max_height":0,"ocean_custom_logo_mobile_max_height":0,"ocean_header_custom_menu":"","ocean_menu_typo_font_family":"","ocean_menu_typo_font_subset":"","ocean_menu_typo_font_size":0,"ocean_menu_typo_font_size_tablet":0,"ocean_menu_typo_font_size_mobile":0,"ocean_menu_typo_font_size_unit":"px","ocean_menu_typo_font_weight":"","ocean_menu_typo_font_weight_tablet":"","ocean_menu_typo_font_weight_mobile":"","ocean_menu_typo_transform":"","ocean_menu_typo_transform_tablet":"","ocean_menu_typo_transform_mobile":"","ocean_menu_typo_line_height":0,"ocean_menu_typo_line_height_tablet":0,"ocean_menu_typo_line_height_mobile":0,"ocean_menu_typo_line_height_unit":"","ocean_menu_typo_spacing":0,"ocean_menu_typo_spacing_tablet":0,"ocean_menu_typo_spacing_mobile":0,"ocean_menu_typo_spacing_unit":"","ocean_menu_link_color":"","ocean_menu_link_color_hover":"","ocean_menu_link_color_active":"","ocean_menu_link_background":"","ocean_menu_link_hover_background":"","ocean_menu_link_active_background":"","ocean_menu_social_links_bg":"","ocean_menu_social_hover_links_bg":"","ocean_menu_social_links_color":"","ocean_menu_social_hover_links_color":"","ocean_disable_title":"default","ocean_disable_heading":"default","ocean_post_title":"","ocean_post_subheading":"","ocean_post_title_style":"","ocean_post_title_background_color":"","ocean_post_title_background":0,"ocean_post_title_bg_image_position":"","ocean_post_title_bg_image_attachment":"","ocean_post_title_bg_image_repeat":"","ocean_post_title_bg_image_size":"","ocean_post_title_height":0,"ocean_post_title_bg_overlay":0.5,"ocean_post_title_bg_overlay_color":"","ocean_disable_breadcrumbs":"default","ocean_breadcrumbs_color":"","ocean_breadcrumbs_separator_color":"","ocean_breadcrumbs_links_color":"","ocean_breadcrumbs_links_hover_color":"","ocean_display_footer_widgets":"default","ocean_display_footer_bottom":"default","ocean_custom_footer_template":"","footnotes":""},"class_list":["post-1814","page","type-page","status-publish","hentry","entry","owp-thumbs-layout-horizontal","owp-btn-normal","owp-tabs-layout-horizontal","has-no-thumbnails","has-product-nav"],"yoast_head":"<!-- This site is optimized with the Yoast SEO plugin v25.5 - https:\/\/yoast.com\/wordpress\/plugins\/seo\/ -->\n<title>L&#039;Auberge Girondine - Domaine de la Bergerie<\/title>\n<meta name=\"robots\" content=\"index, follow, max-snippet:-1, max-image-preview:large, max-video-preview:-1\" \/>\n<link rel=\"canonical\" href=\"https:\/\/leclosdelabergerie33.com\/index.php\/lauberge-girondine\/\" \/>\n<meta property=\"og:locale\" content=\"fr_FR\" \/>\n<meta property=\"og:type\" content=\"article\" \/>\n<meta property=\"og:title\" content=\"L&#039;Auberge Girondine - Domaine de la Bergerie\" \/>\n<meta property=\"og:description\" content=\"L&rsquo;Auberge Girondine Un lieu de charme au c\u0153ur du Domaine de la Bergerie Envie de calme, d\u2019authenticit\u00e9 et de nature ? L\u2019Auberge Girondine vous accueille dans une ancienne long\u00e8re r\u00e9nov\u00e9e, \u00e0 la fois chaleureuse, fonctionnelle et baign\u00e9e de lumi\u00e8re. Id\u00e9ale pour les familles, les couples d\u2019amis ou les petits groupes, cette partie du Domaine est [&hellip;]\" \/>\n<meta property=\"og:url\" content=\"https:\/\/leclosdelabergerie33.com\/index.php\/lauberge-girondine\/\" \/>\n<meta property=\"og:site_name\" content=\"Domaine de la Bergerie\" \/>\n<meta property=\"article:modified_time\" content=\"2025-06-25T15:53:59+00:00\" \/>\n<meta property=\"og:image\" content=\"https:\/\/leclosdelabergerie33.com\/wp-content\/uploads\/2024\/07\/1000008178-scaled-e1750786694265.jpg\" \/>\n\t<meta property=\"og:image:width\" content=\"2560\" \/>\n\t<meta property=\"og:image:height\" content=\"1203\" \/>\n\t<meta property=\"og:image:type\" content=\"image\/jpeg\" \/>\n<meta name=\"twitter:card\" content=\"summary_large_image\" \/>\n<meta name=\"twitter:label1\" content=\"Dur\u00e9e de lecture estim\u00e9e\" \/>\n\t<meta name=\"twitter:data1\" content=\"3 minutes\" \/>\n<script type=\"application\/ld+json\" class=\"yoast-schema-graph\">{\"@context\":\"https:\/\/schema.org\",\"@graph\":[{\"@type\":\"WebPage\",\"@id\":\"https:\/\/leclosdelabergerie33.com\/index.php\/lauberge-girondine\/\",\"url\":\"https:\/\/leclosdelabergerie33.com\/index.php\/lauberge-girondine\/\",\"name\":\"L'Auberge Girondine - Domaine de la Bergerie\",\"isPartOf\":{\"@id\":\"https:\/\/leclosdelabergerie33.com\/#website\"},\"primaryImageOfPage\":{\"@id\":\"https:\/\/leclosdelabergerie33.com\/index.php\/lauberge-girondine\/#primaryimage\"},\"image\":{\"@id\":\"https:\/\/leclosdelabergerie33.com\/index.php\/lauberge-girondine\/#primaryimage\"},\"thumbnailUrl\":\"http:\/\/leclosdelabergerie33.com\/wp-content\/uploads\/2024\/07\/1000008178-scaled-e1750786694265-1024x481.jpg\",\"datePublished\":\"2025-06-24T17:03:22+00:00\",\"dateModified\":\"2025-06-25T15:53:59+00:00\",\"breadcrumb\":{\"@id\":\"https:\/\/leclosdelabergerie33.com\/index.php\/lauberge-girondine\/#breadcrumb\"},\"inLanguage\":\"fr-FR\",\"potentialAction\":[{\"@type\":\"ReadAction\",\"target\":[\"https:\/\/leclosdelabergerie33.com\/index.php\/lauberge-girondine\/\"]}]},{\"@type\":\"ImageObject\",\"inLanguage\":\"fr-FR\",\"@id\":\"https:\/\/leclosdelabergerie33.com\/index.php\/lauberge-girondine\/#primaryimage\",\"url\":\"https:\/\/leclosdelabergerie33.com\/wp-content\/uploads\/2024\/07\/1000008178-scaled-e1750786694265.jpg\",\"contentUrl\":\"https:\/\/leclosdelabergerie33.com\/wp-content\/uploads\/2024\/07\/1000008178-scaled-e1750786694265.jpg\",\"width\":2560,\"height\":1203},{\"@type\":\"BreadcrumbList\",\"@id\":\"https:\/\/leclosdelabergerie33.com\/index.php\/lauberge-girondine\/#breadcrumb\",\"itemListElement\":[{\"@type\":\"ListItem\",\"position\":1,\"name\":\"Accueil\",\"item\":\"https:\/\/leclosdelabergerie33.com\/\"},{\"@type\":\"ListItem\",\"position\":2,\"name\":\"L&rsquo;Auberge Girondine\"}]},{\"@type\":\"WebSite\",\"@id\":\"https:\/\/leclosdelabergerie33.com\/#website\",\"url\":\"https:\/\/leclosdelabergerie33.com\/\",\"name\":\"Domaine de la Bergerie\",\"description\":\"Le Clos dit Le Domaine de la Bergerie\",\"publisher\":{\"@id\":\"https:\/\/leclosdelabergerie33.com\/#organization\"},\"potentialAction\":[{\"@type\":\"SearchAction\",\"target\":{\"@type\":\"EntryPoint\",\"urlTemplate\":\"https:\/\/leclosdelabergerie33.com\/?s={search_term_string}\"},\"query-input\":{\"@type\":\"PropertyValueSpecification\",\"valueRequired\":true,\"valueName\":\"search_term_string\"}}],\"inLanguage\":\"fr-FR\"},{\"@type\":\"Organization\",\"@id\":\"https:\/\/leclosdelabergerie33.com\/#organization\",\"name\":\"Domaine de la Bergerie\",\"url\":\"https:\/\/leclosdelabergerie33.com\/\",\"logo\":{\"@type\":\"ImageObject\",\"inLanguage\":\"fr-FR\",\"@id\":\"https:\/\/leclosdelabergerie33.com\/#\/schema\/logo\/image\/\",\"url\":\"https:\/\/leclosdelabergerie33.com\/wp-content\/uploads\/2024\/04\/cropped-Logo-ecusson-a-superposer.png\",\"contentUrl\":\"https:\/\/leclosdelabergerie33.com\/wp-content\/uploads\/2024\/04\/cropped-Logo-ecusson-a-superposer.png\",\"width\":2967,\"height\":2967,\"caption\":\"Domaine de la Bergerie\"},\"image\":{\"@id\":\"https:\/\/leclosdelabergerie33.com\/#\/schema\/logo\/image\/\"}}]}<\/script>\n<!-- \/ Yoast SEO plugin. -->","yoast_head_json":{"title":"L'Auberge Girondine - Domaine de la Bergerie","robots":{"index":"index","follow":"follow","max-snippet":"max-snippet:-1","max-image-preview":"max-image-preview:large","max-video-preview":"max-video-preview:-1"},"canonical":"https:\/\/leclosdelabergerie33.com\/index.php\/lauberge-girondine\/","og_locale":"fr_FR","og_type":"article","og_title":"L'Auberge Girondine - Domaine de la Bergerie","og_description":"L&rsquo;Auberge Girondine Un lieu de charme au c\u0153ur du Domaine de la Bergerie Envie de calme, d\u2019authenticit\u00e9 et de nature ? L\u2019Auberge Girondine vous accueille dans une ancienne long\u00e8re r\u00e9nov\u00e9e, \u00e0 la fois chaleureuse, fonctionnelle et baign\u00e9e de lumi\u00e8re. Id\u00e9ale pour les familles, les couples d\u2019amis ou les petits groupes, cette partie du Domaine est [&hellip;]","og_url":"https:\/\/leclosdelabergerie33.com\/index.php\/lauberge-girondine\/","og_site_name":"Domaine de la Bergerie","article_modified_time":"2025-06-25T15:53:59+00:00","og_image":[{"width":2560,"height":1203,"url":"https:\/\/leclosdelabergerie33.com\/wp-content\/uploads\/2024\/07\/1000008178-scaled-e1750786694265.jpg","type":"image\/jpeg"}],"twitter_card":"summary_large_image","twitter_misc":{"Dur\u00e9e de lecture estim\u00e9e":"3 minutes"},"schema":{"@context":"https:\/\/schema.org","@graph":[{"@type":"WebPage","@id":"https:\/\/leclosdelabergerie33.com\/index.php\/lauberge-girondine\/","url":"https:\/\/leclosdelabergerie33.com\/index.php\/lauberge-girondine\/","name":"L'Auberge Girondine - Domaine de la Bergerie","isPartOf":{"@id":"https:\/\/leclosdelabergerie33.com\/#website"},"primaryImageOfPage":{"@id":"https:\/\/leclosdelabergerie33.com\/index.php\/lauberge-girondine\/#primaryimage"},"image":{"@id":"https:\/\/leclosdelabergerie33.com\/index.php\/lauberge-girondine\/#primaryimage"},"thumbnailUrl":"http:\/\/leclosdelabergerie33.com\/wp-content\/uploads\/2024\/07\/1000008178-scaled-e1750786694265-1024x481.jpg","datePublished":"2025-06-24T17:03:22+00:00","dateModified":"2025-06-25T15:53:59+00:00","breadcrumb":{"@id":"https:\/\/leclosdelabergerie33.com\/index.php\/lauberge-girondine\/#breadcrumb"},"inLanguage":"fr-FR","potentialAction":[{"@type":"ReadAction","target":["https:\/\/leclosdelabergerie33.com\/index.php\/lauberge-girondine\/"]}]},{"@type":"ImageObject","inLanguage":"fr-FR","@id":"https:\/\/leclosdelabergerie33.com\/index.php\/lauberge-girondine\/#primaryimage","url":"https:\/\/leclosdelabergerie33.com\/wp-content\/uploads\/2024\/07\/1000008178-scaled-e1750786694265.jpg","contentUrl":"https:\/\/leclosdelabergerie33.com\/wp-content\/uploads\/2024\/07\/1000008178-scaled-e1750786694265.jpg","width":2560,"height":1203},{"@type":"BreadcrumbList","@id":"https:\/\/leclosdelabergerie33.com\/index.php\/lauberge-girondine\/#breadcrumb","itemListElement":[{"@type":"ListItem","position":1,"name":"Accueil","item":"https:\/\/leclosdelabergerie33.com\/"},{"@type":"ListItem","position":2,"name":"L&rsquo;Auberge Girondine"}]},{"@type":"WebSite","@id":"https:\/\/leclosdelabergerie33.com\/#website","url":"https:\/\/leclosdelabergerie33.com\/","name":"Domaine de la Bergerie","description":"Le Clos dit Le Domaine de la Bergerie","publisher":{"@id":"https:\/\/leclosdelabergerie33.com\/#organization"},"potentialAction":[{"@type":"SearchAction","target":{"@type":"EntryPoint","urlTemplate":"https:\/\/leclosdelabergerie33.com\/?s={search_term_string}"},"query-input":{"@type":"PropertyValueSpecification","valueRequired":true,"valueName":"search_term_string"}}],"inLanguage":"fr-FR"},{"@type":"Organization","@id":"https:\/\/leclosdelabergerie33.com\/#organization","name":"Domaine de la Bergerie","url":"https:\/\/leclosdelabergerie33.com\/","logo":{"@type":"ImageObject","inLanguage":"fr-FR","@id":"https:\/\/leclosdelabergerie33.com\/#\/schema\/logo\/image\/","url":"https:\/\/leclosdelabergerie33.com\/wp-content\/uploads\/2024\/04\/cropped-Logo-ecusson-a-superposer.png","contentUrl":"https:\/\/leclosdelabergerie33.com\/wp-content\/uploads\/2024\/04\/cropped-Logo-ecusson-a-superposer.png","width":2967,"height":2967,"caption":"Domaine de la Bergerie"},"image":{"@id":"https:\/\/leclosdelabergerie33.com\/#\/schema\/logo\/image\/"}}]}},"_links":{"self":[{"href":"https:\/\/leclosdelabergerie33.com\/index.php\/wp-json\/wp\/v2\/pages\/1814","targetHints":{"allow":["GET"]}}],"collection":[{"href":"https:\/\/leclosdelabergerie33.com\/index.php\/wp-json\/wp\/v2\/pages"}],"about":[{"href":"https:\/\/leclosdelabergerie33.com\/index.php\/wp-json\/wp\/v2\/types\/page"}],"author":[{"embeddable":true,"href":"https:\/\/leclosdelabergerie33.com\/index.php\/wp-json\/wp\/v2\/users\/1"}],"replies":[{"embeddable":true,"href":"https:\/\/leclosdelabergerie33.com\/index.php\/wp-json\/wp\/v2\/comments?post=1814"}],"version-history":[{"count":8,"href":"https:\/\/leclosdelabergerie33.com\/index.php\/wp-json\/wp\/v2\/pages\/1814\/revisions"}],"predecessor-version":[{"id":1836,"href":"https:\/\/leclosdelabergerie33.com\/index.php\/wp-json\/wp\/v2\/pages\/1814\/revisions\/1836"}],"wp:attachment":[{"href":"https:\/\/leclosdelabergerie33.com\/index.php\/wp-json\/wp\/v2\/media?parent=1814"}],"curies":[{"name":"wp","href":"https:\/\/api.w.org\/{rel}","templated":true}]}}